 16. Suppose 4*h - 79 = -z, -4*z + 62 = -n*h - 191. Is z prime?
True
Let s be -1 - (-916*1)/4. Suppose m = -m + 2*f + s, -3*f = -3. Is m prime?
False
Let m(j) = -j**3 - j**2 - j - 9. Let o be m(-4). Suppose -2*u - 5*g + o + 126 = 0, -5*g + 343 = 4*u. Is u a prime number?
False
Let v be (-1 - 3/(-2))*162. Suppose -4*y = -87 - v. Suppose 3*w = 4*r - 73, 2*r - 2*w - y = -6*w. Is r prime?
True
Let z be 2/4 + (-1)/2. Suppose -5*u + 15 + 15 = z. Let o(g) = 6*g - 3. Is o(u) a composite number?
True
Let i be 7 - (5 + -3 + 0). Suppose -3*y - 326 = -i*y. Is y prime?
True
Let s(z) = -z**3 + 11*z**2 + 11*z. Let i(p) = -3*p**3 + 23*p**2 + 23*p - 1. Let g(j) = -2*i(j) + 5*s(j). Is g(-7) a composite number?
False
Let c be (8/6)/(4/330). Suppose 2*l + 3*y = 47, -5*l + 0*y = 5*y - c. Is l a prime number?
True
Let h = -16 - -19. Is 5 + -1*(-3)/h composite?
True
Let r be (-1)/1*(-4 - 1). Let f = -2 + r. Suppose -46 + 240 = q - s, f*q - 4*s = 585. Is q a composite number?
False
Suppose 0 = 5*g - f - 54, -f = -4*g - 3*f + 46. Is g a prime number?
True
Let o be (365/3)/(11/33). Suppose z + 66 = o. Is z composite?
True
Let h(y) = 47*y - 20. Is h(6) a prime number?
False
Let l(i) = -2*i**3 - 5*i**2 - 7*i - 17. Is l(-5) prime?
False
Suppose -2*w - 2*w = 0. Suppose 27 + 240 = g - 2*b, w = -b - 5. Is g composite?
False
Is -1*-886*(-3)/(-6) a composite number?
False
Let r = 286 - -31. Is r prime?
True
Let u = 107 - 54. Is u a prime number?
True
Let a(w) = -w**2 + 7*w + 1. Let q be a(8). Let d = q - -7. Suppose k + 0*k - 55 = d. Is k a prime number?
False
Let w be (-2)/3 - (-1)/(-3). Let s be (-14)/(-3 - w) - 0. Suppose 3*m = s*m - 44. Is m a prime number?
True
Let h(v) = 2*v - 5. Let u be h(4). Suppose -5*w + 2*l = -2*l, 5*w + 5 = 5*l. Let m = w + u. Is m a prime number?
True
Suppose -2 = -4*v + 38. Let m(l) = 2*l**2 - 15*l + 7. Is m(v) a prime number?
False
Suppose -3*u + 55 = 5*j - 572, -j - 5*u + 121 = 0. Let q = j + -181. Let x = 12 - q. Is x a prime number?
True
Let w = 1 - 0. Let x be ((-3)/w + 0)*1. Is (-232)/x - 3/9 composite?
True
Suppose 4*n + 13 - 65 = 0. Let c = 6 - n. Let p(v) = v**2 - 2*v + 2. Is p(c) a composite number?
True
Let b = -73 + 236. Is b composite?
False
Let v(a) be the second derivative of a**6/180 + a**5/24 - 11*a**4/24 + a**3/3 + 2*a. Let r(d) be the second derivative of v(d). Is r(-8) composite?
True
Suppose -3 = -3*d + 3. Suppose d*t - 1 = 11. Suppose 2*r = -4*h + t, 2*r + 6*h = 3*h + 9. Is r a composite number?
True
Let d = -184 + 311. Is d a composite number?
False
Let o = 206 - 145. Let z = o + 18. Is z a prime number?
True
Let g be 2/((-1)/(-351)*3). Let n be g/(-10)*(2 - 7). Suppose -319 = -4*i + n. Is i prime?
True
Let b(z) = 14*z + 2. Let l be b(-1). Is (-294)/(-8) + l/(-48) a composite number?
False
Let l be ((-2)/(-4))/(1/90). Let i = 454 + l. Is i a prime number?
True
Let a(j) = j**3 - 9*j**2 + 9*j - 12. Let v be a(8). Let o = -4 - v. Is 13 - ((-1 - o) + 0) composite?
True
Suppose 4*b = 3*f + 421, 0 = -2*b - f - 2*f + 215. Is b a prime number?
False
Let j(p) = 36*p**2 + 3*p - 1. Is j(2) a prime number?
True
Suppose 2*n = -2*w + 360, -83 = 3*w - 3*n - 629. Suppose 5*i + 3*v + 633 = 0, -i + 2*v - 376 = 2*i. Let l = i + w. Is l prime?
False
Let d(j) = -j**3 + 3*j**2 - 1. Let g be d(3). Is (-1158)/(-15) + g/5 a composite number?
True
Let w be 4/(-8) + 42/4. Suppose 49 + 68 = 2*p + 3*z, 0 = -2*z + w. Suppose 3*j - 60 - p = 0. Is j a prime number?
True
Let c = -529 - -908. Is c prime?
True
Let d(f) = -f + 4. Let z be d(0). Let x be 1 + 4/(z/331). Let g = x + -81. Is g prime?
True
Let o(a) = 19*a**3 - 2*a**2 - 3*a + 16. Is o(5) prime?
False
Suppose -2*c = 3*c - 10. Let d be -2*(c + -1) - 75. Let u = d - -110. Is u a prime number?
False
Suppose 243 + 69 = 4*r. Suppose -5*a = -2*b - a + 48, -r = -3*b + 4*a. Is (34/4)/(3/b) prime?
False
Let o(f) = 564*f - 20. Let x(s) = -113*s + 4. Let z(d) = -2*o(d) - 11*x(d). Is z(3) prime?
False
Let o = 143 + 68. Is o composite?
False
Let d(p) = -p**3 - 3*p**2 - 3. Let i be d(-3). Let w = -1 + i. Let k = 23 + w. Is k a composite number?
False
Suppose 0 = 4*j + 78 - 6. Let p = j - -32. Is p composite?
True
Suppose -4*o + 1542 = 3*h, 2*h + 3*h - 2570 = 3*o. Is h composite?
True
Let l be -2 + 0 + (-4 - -3). Is 1 - 1200/(l - 1) prime?
False
Suppose -a = -0*t + 2*t + 12, a - 4 = 2*t. Let b(g) = -39*g - 1. Is b(t) a prime number?
False
Let h(n) = -2*n**2 - 11*n - 9. Let k be h(-7). Let w be 20/k*(-174)/4. Suppose 2*a - 2*t = 364, 2*t + 572 = 3*a + w. Is a composite?
False
Let h = -8 - -10. Suppose -z = -d - 224, h = -2*d - 0*d. Is z composite?
False
Let u = -152 + 271. Is u prime?
False
Let o(n) = 104*n**2 - 10*n - 1. Is o(-6) composite?
False
Suppose 2*g = -g + 15. Suppose -i - 3 + g = 0, -4*i = 4*l - 84. Suppose z = 3*f, 4*f + l = -z + 54. Is z prime?
False
Let o be (-1 - -2) + (-4 - -3). Suppose -t = -a + 149, -3*a + 5*t + 290 + 157 = o. Is a a composite number?
False
Let a be (-1)/(-6) - (-26)/(-12). Let g(o) = -2*o**3 + 2*o + 3. Is g(a) composite?
True
Let j(w) = 14*w**2 - 6*w + 3. Let m be j(4). Suppose 0 = 3*r + m - 623. Let l = r - -17. Is l prime?
True
Suppose -2*j - 5*x = -24, 3*j + 0*j = -4*x + 22. Let c be -2*j/(-4)*-1. Is (67 - 2) + (c - 2) a prime number?
False
Let a be 6/15 + 4/(-10). Suppose 5*r - 308 - 1157 = a. Is r a composite number?
False
Let b = 4 - 1. Suppose b*j - s + 1 = 0, 0*s + s - 1 = 0. Suppose j*q - 4*q + 232 = 0. Is q prime?
False
Let h be (-1)/((-3)/(-186) + 0). Let q = h + 99. Is q a composite number?
False
Let m(h) = 9*h**3 + h**2 - h - 2. Let t be m(2). Let b be (26/(-6))/((-2)/t). Is (b/(-15))/(6/(-15)) prime?
False
Let k = 1 - 6. Let l(h) = -h**2 - 7*h - 6. Is l(k) a composite number?
True
Let q be 0/(-2)*(-4)/8. Suppose -5*x - 5*j = -q*x - 20, 4*x - 5*j + 2 = 0. Is (-1371)/(-27) - x/(-9) composite?
True
Suppose 0 = -2*d + 1560 + 254. Is d prime?
True
Suppose 430 = -a + 6*a. Let i = 135 - a. Suppose 2*y - 21 - i = 0. Is y a prime number?
False
Let w = 62 + 241. Is w a prime number?
False
Let q(u) = 558*u**2 - u. Is q(1) a composite number?
False
Let n(l) be the second derivative of -l**4/12 - 7*l**3/2 + 5*l**2/2 - 10*l. Is n(-12) a prime number?
True
Let n = 508 + -317. Is n prime?
True
Let u(x) = -13*x**2 + 5*x + 1. Let d(m) = -19*m**2 + 7*m + 2. Let s(j) = -5*d(j) + 7*u(j). Is s(-6) composite?
True
Let t be (-47)/(-3) - 2/(-6). Suppose -2*l - 2*n = 14, 3*n = -l - n - t. Let j(k) = -10*k - 2. Is j(l) a prime number?
False
Let n(r) = -400*r - 4. Let p be n(-3). Suppose 2*x - p = -2*x. Let k = x + -208. Is k a prime number?
False
Let k = -19 + 23. Suppose -4*a + 72 = -2*n, 0 = 5*a - 9*n + k*n - 85. Is a a prime number?
True
Suppose 0*c = 2*c + n - 670, n + 335 = c. Is c composite?
True
Suppose p = -p + 932. Suppose -b + p = b. Is b a composite number?
False
Let t(h) = -h**2 - 8*h - 2. Let r be t(-7). Suppose r*a = 318 + 327. Is a a prime number?
False
Let w(m) = -m**3 - 2*m**2 - 3*m + 3. Let l(f) = f**3 - 4*f**2 - 2*f + 5. Let s be l(4). Is w(s) a composite number?
True
Let d(w) = -w**3 + 10*w**2 - 8*w + 8. Let k be d(7). Suppose 4*s + 5*i + 0*i = k, 4*s = -3*i + 93. Let c = s + -11. Is c a prime number?
False
Let w = -1 - -2. Let u(q) = q - w - 2*q + 3*q. Is u(5) a composite number?
True
Let o = -1 - -3. Suppose 1 = g - o. Suppose -g*j + p = -134, -5*p - 27 = -2. Is j a composite number?
False
Let x = 14 - 9. Suppose x*w + 2*m = 185, -5*w + m + 205 = -m. Is w composite?
True
Suppose 2*t - 4 = -6. Is t/((-1)/2) + 31 a prime number?
False
Let p = 1384 - 233. Is p composite?
False
Is 4/10 + (-2186)/(-10) prime?
False
Suppose 2*s - 820 = -m + 6*m, 2*m - s + 328 = 0. Let r = 231 + m. Is r a composite number?
False
Let k = -29 - -205. Let q = 255 - k. Is q a prime number?
True
Let z = 52 - 48. Suppose -n = -6*n + 1205. Suppose 19 + n = z*b. Is b prime?
False
Let g = -30 - -20. Let f(i) = i**3 + 10*i**2 + 10. Let a be f(g). Suppose -3*o + 73 = a. Is o a prime number?
False
Let x = 509 - 98. Is x a composite number?
True
Suppose 0*a + 4*a = 5*c - 40, 0 = 5*a - c + 29. Let n be (-10 + 1)*a/(-3). Let g = n - -30. Is g a composite number?
True
Let h(o) = -o**3 + 2*o**2 + 2*o - 2. Let f be h(2). Let d be (6/f - 3)/(-2). Suppose d = -0*j + 3*j - 195. Is j prime?
False
Is 2/(5/((-57